d by 187.
185
What is the remainder when 89335 is divided by 4961?
37
Calculate the remainder when 10164 is divided by 299.
297
Calculate the remainder when 2635 is divided by 1172.
291
What is the remainder when 5837 is divided by 941?
191
What is the remainder when 5346 is divided by 244?
222
What is the remainder when 5699 is divided by 1838?
185
Calculate the remainder when 270046 is divided by 31.
5
What is the remainder when 38908 is divided by 418?
34
What is the remainder when 2190 is divided by 1423?
767
What is the remainder when 204465 is divided by 132?
129
What is the remainder when 702456 is divided by 98?
90
Calculate the remainder when 32113 is divided by 5348.
25
What is the remainder when 2094 is divided by 28?
22
Calculate the remainder when 34859 is divided by 1834.
13
Calculate the remainder when 4152 is divided by 92.
12
What is the remainder when 44471 is divided by 4?
3
What is the remainder when 1221 is divided by 90?
51
Calculate the remainder when 42539 is divided by 14115.
194
What is the remainder when 7016 is divided by 585?
581
Calculate the remainder when 24840 is divided by 13.
10
What is the remainder when 1580 is divided by 164?
104
Calculate the remainder when 13763 is divided by 544.
163
Calculate the remainder when 11289 is divided by 94.
9
Calculate the remainder when 6568 is divided by 3258.
52
Calculate the remainder when 2939 is divided by 125.
64
What is the remainder when 665508 is divided by 8?
4
Calculate the remainder when 153311 is divided by 334.
5
Calculate the remainder when 218447 is divided by 425.
422
Calculate the remainder when 188440 is divided by 522.
520
What is the remainder when 47080 is divided by 216?
208
Calculate the remainder when 11205 is divided by 165.
150
What is the remainder when 1910 is divided by 916?
78
What is the remainder when 186104 is divided by 4431?
2
Calculate the remainder when 4669 is divided by 102.
79
What is the remainder when 89067 is divided by 63?
48
Calculate the remainder when 2397 is divided by 67.
52
Calculate the remainder when 222485 is divided by 19.
14
Calculate the remainder when 163546 is divided by 77.
75
What is the remainder when 3358 is divided by 25?
8
What is the remainder when 92229 is divided by 11526?
21
Calculate the remainder when 8628 is divided by 357.
60
What is the remainder when 12771 is divided by 21?
3
What is the remainder when 46091 is divided by 569?
2
Calculate the remainder when 14289 is divided by 7137.
15
What is the remainder when 2013462 is divided by 15?
12
What is the remainder when 985 is divided by 229?
69
Calculate the remainder when 119731 is divided by 321.
319
Calculate the remainder when 75501 is divided by 439.
432
Calculate the remainder when 38795 is divided by 485.
480
What is the remainder when 4594 is divided by 383?
381
What is the remainder when 32463 is divided by 241?
169
Calculate the remainder when 128854 is divided by 75.
4
Calculate the remainder when 27594 is divided by 368.
362
What is the remainder when 32161 is divided by 2667?
157
What is the remainder when 7663 is divided by 30?
13
Calculate the remainder when 13484 is divided by 103.
94
Calculate the remainder when 7542 is divided by 764.
666
Calculate the remainder when 22476 is divided by 381.
378
Calculate the remainder when 46509 is divided by 11616.
45
Calculate the remainder when 159597 is divided by 300.
297
What is the remainder when 140215 is divided by 15?
10
Calculate the remainder when 644837 is divided by 376.
373
Calculate the remainder when 1468430 is divided by 784.
782
What is the remainder when 1739055 is divided by 22?
21
What is the remainder when 84334 is divided by 21083?
2
Calculate the remainder when 34058 is divided by 11342.
32
What is the remainder when 179384 is divided by 195?
179
What is the remainder when 134118 is divided by 56?
54
What is the remainder when 4883 is divided by 80?
3
What is the remainder when 137800 is divided by 45933?
1
Calculate the remainder when 17862 is divided by 8925.
12
What is the remainder when 26988 is divided by 8995?
3
What is the remainder when 8203 is divided by 149?
8
Calculate the remainder when 110686 is divided by 56.
30
What is the remainder when 301 is divided by 48?
13
Calculate the remainder when 1588 is divided by 99.
4
Calculate the remainder when 7223 is divided by 40.
23
What is the remainder when 36317 is divided by 616?
589
Calculate the remainder when 8630 is divided by 1720.
30
Calculate the remainder when 29945 is divided by 101.
49
Calculate the remainder when 499 is divided by 265.
234
Calculate the remainder when 242394 is divided by 11.
9
Calculate the remainder when 32472 is divided by 75.
72
Calculate the remainder when 2749631 is divided by 301.
297
Calculate the remainder when 23128 is divided by 1652.
0
Calculate the remainder when 816 is divided by 38.
18
Calculate the remainder when 37473 is divided by 445.
93
What is the remainder when 142785 is divided by 47536?
177
Calculate the remainder when 5377 is divided by 152.
57
What is the remainder when 36582 is divided by 27?
24
Calculate the remainder when 2872 is divided by 49.
30
Calculate the remainder when 24961 is divided by 384.
1
What is the remainder when 18151 is divided by 581?
140
What is the remainder when 1568 is divided by 135?
83
What is the remainder when 10412 is divided by 3461?
29
What is the remainder when 8290 is divided by 252?
226
Calculate the remainder when 31855 is divided by 14.
5
What is the remainder when 10067 is divided by 3351?
14
What is the remainder when 4248 is divided by 1542?
1164
What is the remainder when 92792 is divided by 67?
64
What is the remainder when 42465 is divided by 3026?
101
What is the remainder when 1365 is divided by 743?
622
What is the remainder when 119664 is divided by 29911?
20
What is the remainder when 25249 is divided by 202?
201
What is the remainder when 369030 is divided by 37?
29
Calculate the remainder when 215783 is divided by 103.
101
Calculate the remainder when 721673 is divided by 12887.
1
Calculate the remainder when 352294 is divided by 216.
214
Calculate the remainder when 16268 is divided by 113.
109
What is the remainder when 967685 is divided by 322558?
11
Calculate the remainder when 95479 is divided by 55.
54
What is the remainder when 1012858 is divided by 107?
103
Calculate the remainder when 45537 is divided by 670.
647
Calculate the remainder when 45447 is divided by 15.
12
Calculate the remainder when 26039 is divided by 217.
216
What is the remainder when 49408 is divided by 40?
8
Calculate the remainder when 100678 is divided by 30.
28
What is the remainder when 531 is divided by 246?
39
Calculate the remainder when 1831 is divided by 467.
430
Calculate the remainder when 20566 is divided by 97.
2
Calculate the remainder when 4232 is divided by 235.
2
Calculate the remainder when 44323 is divided by 4028.
15
What is the remainder when 53636 is divided by 57?
56
What is the remainder when 5236 is divided by 1156?
612
Calculate the remainder when 8650 is divided by 173.
0
Calculate the remainder when 1670576 is divided by 26.
24
What is the remainder when 1380489 is divided by 17?
4
What is the remainder when 555 is divided by 385?
170
Calculate the remainder when 667 is divided by 342.
325
Calculate the remainder when 104258 is divided by 156.
50
What is the remainder when 83410 is divided by 981?
25
Calculate the remainder when 4737 is divided by 37.
1
What is the remainder when 227009 is divided by 42?
41
What is the remainder when 4105 is divided by 964?
249
What is the remainder when 608750 is divided by 34?
14
Calculate the remainder when 5361 is divided by 1551.
708
What is the remainder when 68023 is divided by 200?
23
Calculate the remainder when 181791 is divided by 107.
105
Calculate the remainder when 14968 is divided by 620.
88
What is the remainder when 148919 is divided by 37?
31
Calculate the remainder when 1695 is divided by 58.
13
What is the remainder when 10827801 is divided by 78?
75
What is the remainder when 12184 is divided by 2432?
24
What is the remainder when 489279 is divided by 8?
7
What is the remainder when 820882 is divided by 365?
362
What is the remainder when 6517 is divided